{"id":356,"date":"2022-10-28T15:12:01","date_gmt":"2022-10-28T15:12:01","guid":{"rendered":"https:\/\/preprod.pcisecuritystandards.org\/lang\/?page_id=356"},"modified":"2026-01-13T21:17:17","modified_gmt":"2026-01-13T21:17:17","slug":"resources","status":"publish","type":"page","link":"https:\/\/preprod.pcisecuritystandards.org\/lang\/fr-fr\/resources\/","title":{"rendered":"AUTRES RESSOURCES"},"content":{"rendered":"\t\t<div data-elementor-type=\"wp-page\" data-elementor-id=\"356\" class=\"elementor elementor-356\" data-elementor-post-type=\"page\">\n\t\t\t\t\t\t<section class=\"elementor-section elementor-top-section elementor-element elementor-element-37e5e6b5 elementor-section-content-middle elementor-reverse-mobile elementor-section-boxed elementor-section-height-default elementor-section-height-default\" data-id=\"37e5e6b5\" data-element_type=\"section\" data-e-type=\"section\" data-settings=\"{&quot;background_background&quot;:&quot;classic&quot;}\">\n\t\t\t\t\t\t<div class=\"elementor-container elementor-column-gap-default\">\n\t\t\t\t\t<div class=\"elementor-column elementor-col-33 elementor-top-column elementor-element elementor-element-7a4281f0\" data-id=\"7a4281f0\" data-element_type=\"column\" data-e-type=\"column\">\n\t\t\t<div class=\"elementor-widget-wrap elementor-element-populated\">\n\t\t\t\t\t\t<div class=\"elementor-element elementor-element-3d94b4da elementor-widget elementor-widget-heading\" data-id=\"3d94b4da\" data-element_type=\"widget\" data-e-type=\"widget\" data-widget_type=\"heading.default\">\n\t\t\t\t<div class=\"elementor-widget-container\">\n\t\t\t\t\t<h2 class=\"elementor-heading-title elementor-size-default\">Autres Resources\n<\/h2>\t\t\t\t<\/div>\n\t\t\t\t<\/div>\n\t\t\t\t\t<\/div>\n\t\t<\/div>\n\t\t\t\t<div class=\"elementor-column elementor-col-33 elementor-top-column elementor-element elementor-element-55fe20cd elementor-hidden-tablet elementor-hidden-mobile\" data-id=\"55fe20cd\" data-element_type=\"column\" data-e-type=\"column\">\n\t\t\t<div class=\"elementor-widget-wrap\">\n\t\t\t\t\t\t\t<\/div>\n\t\t<\/div>\n\t\t\t\t<div class=\"elementor-column elementor-col-33 elementor-top-column elementor-element elementor-element-543553a4\" data-id=\"543553a4\" data-element_type=\"column\" data-e-type=\"column\">\n\t\t\t<div class=\"elementor-widget-wrap elementor-element-populated\">\n\t\t\t\t\t\t<div class=\"elementor-element elementor-element-1dfd4a39 elementor-widget elementor-widget-image\" data-id=\"1dfd4a39\" data-element_type=\"widget\" data-e-type=\"widget\" data-widget_type=\"image.default\">\n\t\t\t\t<div class=\"elementor-widget-container\">\n\t\t\t\t\t\t\t\t\t\t\t\t\t\t\t<img fetchpriority=\"high\" decoding=\"async\" width=\"446\" height=\"248\" src=\"https:\/\/preprod.pcisecuritystandards.org\/lang\/wp-content\/uploads\/sites\/5\/2022\/10\/privacy.jpg\" class=\"attachment-full size-full wp-image-235\" alt=\"\" srcset=\"https:\/\/preprod.pcisecuritystandards.org\/lang\/wp-content\/uploads\/sites\/5\/2022\/10\/privacy.jpg 446w, https:\/\/preprod.pcisecuritystandards.org\/lang\/wp-content\/uploads\/sites\/5\/2022\/10\/privacy.jpg?resize=300,167 300w, https:\/\/preprod.pcisecuritystandards.org\/lang\/wp-content\/uploads\/sites\/5\/2022\/10\/privacy.jpg?resize=342,190 342w\" sizes=\"(max-width: 446px) 100vw, 446px\" \/>\t\t\t\t\t\t\t\t\t\t\t\t\t\t\t<\/div>\n\t\t\t\t<\/div>\n\t\t\t\t\t<\/div>\n\t\t<\/div>\n\t\t\t\t\t<\/div>\n\t\t<\/section>\n\t\t\t\t<section class=\"elementor-section elementor-top-section elementor-element elementor-element-16ab668c privacy-content elementor-section-boxed elementor-section-height-default elementor-section-height-default\" data-id=\"16ab668c\" data-element_type=\"section\" data-e-type=\"section\" id=\"link-one\" data-settings=\"{&quot;background_background&quot;:&quot;classic&quot;}\">\n\t\t\t\t\t\t<div class=\"elementor-container elementor-column-gap-default\">\n\t\t\t\t\t<div class=\"elementor-column elementor-col-100 elementor-top-column elementor-element elementor-element-30b638bf\" data-id=\"30b638bf\" data-element_type=\"column\" data-e-type=\"column\">\n\t\t\t<div class=\"elementor-widget-wrap elementor-element-populated\">\n\t\t\t\t\t\t<div class=\"elementor-element elementor-element-449d1b5e editor_custom_styles elementor-widget elementor-widget-text-editor\" data-id=\"449d1b5e\" data-element_type=\"widget\" data-e-type=\"widget\" data-widget_type=\"text-editor.default\">\n\t\t\t\t<div class=\"elementor-widget-container\">\n\t\t\t\t\t\t\t\t\t<p>Des ressources suppl\u00e9mentaires sont disponibles\u00a0<a href=\"https:\/\/fr.pcisecuritystandards.org\/minisite\/en\/\">en anglais<\/a>.<\/p><p>\u00a0<\/p><ul><li><a href=\"https:\/\/www.pcisecuritystandards.org\/\/assessors_and_solutions\/qualified_security_assessors\">V\u00e9rifier l\u2019employ\u00e9 du QSA<\/a><\/li><li><a href=\"https:\/\/www.pcisecuritystandards.org\/\/assessors_and_solutions\/qualified_security_assessors\">V\u00e9rifier la soci\u00e9t\u00e9 QSA<\/a><\/li><li><a href=\"https:\/\/www.pcisecuritystandards.org\/\/assessors_and_solutions\/payment_application_assessors\">V\u00e9rifier les QSA des applications de paiement (PA-QSA)<\/a><\/li><li><a href=\"https:\/\/www.pcisecuritystandards.org\/\/assessors_and_solutions\/approved_scanning_vendors\">V\u00e9rifier le prestataire de services d\u2019analyse agr\u00e9\u00e9 (ASV)<\/a><\/li><li><a href=\"https:\/\/www.pcisecuritystandards.org\/\/assessors_and_solutions\/pci_professionals\">V\u00e9rifier le PCIP<\/a><\/li><li><a href=\"https:\/\/www.pcisecuritystandards.org\/\/assessors_and_solutions\/pin_transaction_devices\">S\u00e9curit\u00e9 des transactions PIN agr\u00e9\u00e9e<\/a><\/li><li><a href=\"https:\/\/www.pcisecuritystandards.org\/\/assessors_and_solutions\/payment_application_assessors\">Applications de paiement valid\u00e9es<\/a><\/li><li><a href=\"https:\/\/www.pcisecuritystandards.org\/\/assessors_and_solutions\/point_to_point_encryption_solutions\">Solutions P2PE conformes<\/a><\/li><li><a href=\"https:\/\/www.pcisecuritystandards.org\/\/assessors_and_solutions\/point_to_point_encryption_applications\">Applications P2PE conformes<\/a><\/li><li><a href=\"https:\/\/www.pcisecuritystandards.org\/\/assessors_and_solutions\/internal_security_assessors\">V\u00e9rifier un ISA<\/a><\/li><li><a href=\"https:\/\/www.pcisecuritystandards.org\/\/assessors_and_solutions\/pci_forensic_investigators\">Enqu\u00eateurs judiciaires PCI (PFI, PCI Forensic Investigators)<\/a><\/li><li><a href=\"https:\/\/www.pcisecuritystandards.org\/\/assessors_and_solutions\/point_to_point_encryption_assessors\">Soci\u00e9t\u00e9s de cryptage point en point PCI<\/a><\/li><li><a href=\"https:\/\/www.pcisecuritystandards.org\/\/assessors_and_solutions\/qualified_integrators_and_resellers\">Revendeurs et int\u00e9grateurs qualifi\u00e9s<\/a><\/li><\/ul>\t\t\t\t\t\t\t\t<\/div>\n\t\t\t\t<\/div>\n\t\t\t\t\t<\/div>\n\t\t<\/div>\n\t\t\t\t\t<\/div>\n\t\t<\/section>\n\t\t\t\t<\/div>\n\t\t","protected":false},"excerpt":{"rendered":"<p>Autres Resources Des ressources suppl\u00e9mentaires sont disponibles\u00a0en anglais. \u00a0 V\u00e9rifier l\u2019employ\u00e9 du QSA V\u00e9rifier la soci\u00e9t\u00e9 QSA V\u00e9rifier les QSA des applications de paiement (PA-QSA) V\u00e9rifier le prestataire de services d\u2019analyse agr\u00e9\u00e9 (ASV) V\u00e9rifier le PCIP S\u00e9curit\u00e9 des transactions PIN agr\u00e9\u00e9e Applications de paiement valid\u00e9es Solutions P2PE conformes Applications P2PE conformes V\u00e9rifier un ISA Enqu\u00eateurs [&hellip;]<\/p>\n","protected":false},"author":21,"featured_media":0,"parent":195,"menu_order":0,"comment_status":"closed","ping_status":"closed","template":"","meta":{"_acf_changed":false,"footnotes":""},"language_category":[],"class_list":["post-356","page","type-page","status-publish","hentry"],"acf":[],"yoast_head":"<!-- This site is optimized with the Yoast SEO plugin v27.1.1 - https:\/\/yoast.com\/product\/yoast-seo-wordpress\/ -->\n<title>AUTRES RESSOURCES - PCI Language Minisites<\/title>\n<meta name=\"robots\" content=\"index, follow, max-snippet:-1, max-image-preview:large, max-video-preview:-1\" \/>\n<link rel=\"canonical\" href=\"https:\/\/preprod.pcisecuritystandards.org\/lang\/fr-fr\/resources\/\" \/>\n<meta property=\"og:locale\" content=\"en_US\" \/>\n<meta property=\"og:type\" content=\"article\" \/>\n<meta property=\"og:title\" content=\"AUTRES RESSOURCES - PCI Language Minisites\" \/>\n<meta property=\"og:description\" content=\"Autres Resources Des ressources suppl\u00e9mentaires sont disponibles\u00a0en anglais. \u00a0 V\u00e9rifier l\u2019employ\u00e9 du QSA V\u00e9rifier la soci\u00e9t\u00e9 QSA V\u00e9rifier les QSA des applications de paiement (PA-QSA) V\u00e9rifier le prestataire de services d\u2019analyse agr\u00e9\u00e9 (ASV) V\u00e9rifier le PCIP S\u00e9curit\u00e9 des transactions PIN agr\u00e9\u00e9e Applications de paiement valid\u00e9es Solutions P2PE conformes Applications P2PE conformes V\u00e9rifier un ISA Enqu\u00eateurs [&hellip;]\" \/>\n<meta property=\"og:url\" content=\"https:\/\/preprod.pcisecuritystandards.org\/lang\/fr-fr\/resources\/\" \/>\n<meta property=\"og:site_name\" content=\"PCI Language Minisites\" \/>\n<meta property=\"article:modified_time\" content=\"2026-01-13T21:17:17+00:00\" \/>\n<meta property=\"og:image\" content=\"https:\/\/preprod.pcisecuritystandards.org\/lang\/wp-content\/uploads\/sites\/5\/2022\/10\/privacy.jpg\" \/>\n<meta name=\"twitter:card\" content=\"summary_large_image\" \/>\n<meta name=\"twitter:label1\" content=\"Est. reading time\" \/>\n\t<meta name=\"twitter:data1\" content=\"1 minute\" \/>\n<script type=\"application\/ld+json\" class=\"yoast-schema-graph\">{\"@context\":\"https:\/\/schema.org\",\"@graph\":[{\"@type\":\"WebPage\",\"@id\":\"https:\/\/preprod.pcisecuritystandards.org\/lang\/fr-fr\/resources\/\",\"url\":\"https:\/\/preprod.pcisecuritystandards.org\/lang\/fr-fr\/resources\/\",\"name\":\"AUTRES RESSOURCES - PCI Language Minisites\",\"isPartOf\":{\"@id\":\"https:\/\/preprod.pcisecuritystandards.org\/lang\/#website\"},\"primaryImageOfPage\":{\"@id\":\"https:\/\/preprod.pcisecuritystandards.org\/lang\/fr-fr\/resources\/#primaryimage\"},\"image\":{\"@id\":\"https:\/\/preprod.pcisecuritystandards.org\/lang\/fr-fr\/resources\/#primaryimage\"},\"thumbnailUrl\":\"https:\/\/preprod.pcisecuritystandards.org\/lang\/wp-content\/uploads\/sites\/5\/2022\/10\/privacy.jpg\",\"datePublished\":\"2022-10-28T15:12:01+00:00\",\"dateModified\":\"2026-01-13T21:17:17+00:00\",\"breadcrumb\":{\"@id\":\"https:\/\/preprod.pcisecuritystandards.org\/lang\/fr-fr\/resources\/#breadcrumb\"},\"inLanguage\":\"en-US\",\"potentialAction\":[{\"@type\":\"ReadAction\",\"target\":[\"https:\/\/preprod.pcisecuritystandards.org\/lang\/fr-fr\/resources\/\"]}]},{\"@type\":\"ImageObject\",\"inLanguage\":\"en-US\",\"@id\":\"https:\/\/preprod.pcisecuritystandards.org\/lang\/fr-fr\/resources\/#primaryimage\",\"url\":\"https:\/\/preprod.pcisecuritystandards.org\/lang\/wp-content\/uploads\/sites\/5\/2022\/10\/privacy.jpg\",\"contentUrl\":\"https:\/\/preprod.pcisecuritystandards.org\/lang\/wp-content\/uploads\/sites\/5\/2022\/10\/privacy.jpg\",\"width\":446,\"height\":248},{\"@type\":\"BreadcrumbList\",\"@id\":\"https:\/\/preprod.pcisecuritystandards.org\/lang\/fr-fr\/resources\/#breadcrumb\",\"itemListElement\":[{\"@type\":\"ListItem\",\"position\":1,\"name\":\"Home\",\"item\":\"https:\/\/preprod.pcisecuritystandards.org\/lang\/\"},{\"@type\":\"ListItem\",\"position\":2,\"name\":\"Site officiel du PCI Security Standards Council &#8211; V\u00e9rifier la conformit\u00e9 PCI, t\u00e9l\u00e9charger les standards de s\u00e9curit\u00e9 des donn\u00e9es et de s\u00e9curit\u00e9 des cartes de cr\u00e9dit\",\"item\":\"https:\/\/preprod.pcisecuritystandards.org\/lang\/fr-fr\/\"},{\"@type\":\"ListItem\",\"position\":3,\"name\":\"AUTRES RESSOURCES\"}]},{\"@type\":\"WebSite\",\"@id\":\"https:\/\/preprod.pcisecuritystandards.org\/lang\/#website\",\"url\":\"https:\/\/preprod.pcisecuritystandards.org\/lang\/\",\"name\":\"PCI Language Minisites\",\"description\":\"Just another pci-ssc-wp.go-vip.net Sites site\",\"publisher\":{\"@id\":\"https:\/\/preprod.pcisecuritystandards.org\/lang\/#organization\"},\"potentialAction\":[{\"@type\":\"SearchAction\",\"target\":{\"@type\":\"EntryPoint\",\"urlTemplate\":\"https:\/\/preprod.pcisecuritystandards.org\/lang\/?s={search_term_string}\"},\"query-input\":{\"@type\":\"PropertyValueSpecification\",\"valueRequired\":true,\"valueName\":\"search_term_string\"}}],\"inLanguage\":\"en-US\"},{\"@type\":\"Organization\",\"@id\":\"https:\/\/preprod.pcisecuritystandards.org\/lang\/#organization\",\"name\":\"PCI Language Minisites\",\"url\":\"https:\/\/preprod.pcisecuritystandards.org\/lang\/\",\"logo\":{\"@type\":\"ImageObject\",\"inLanguage\":\"en-US\",\"@id\":\"https:\/\/preprod.pcisecuritystandards.org\/lang\/#\/schema\/logo\/image\/\",\"url\":\"https:\/\/preprod.pcisecuritystandards.org\/lang\/wp-content\/uploads\/sites\/5\/2022\/10\/pci-logo-teal.svg\",\"contentUrl\":\"https:\/\/preprod.pcisecuritystandards.org\/lang\/wp-content\/uploads\/sites\/5\/2022\/10\/pci-logo-teal.svg\",\"width\":192,\"height\":58,\"caption\":\"PCI Language Minisites\"},\"image\":{\"@id\":\"https:\/\/preprod.pcisecuritystandards.org\/lang\/#\/schema\/logo\/image\/\"}}]}<\/script>\n<!-- \/ Yoast SEO plugin. -->","yoast_head_json":{"title":"AUTRES RESSOURCES - PCI Language Minisites","robots":{"index":"index","follow":"follow","max-snippet":"max-snippet:-1","max-image-preview":"max-image-preview:large","max-video-preview":"max-video-preview:-1"},"canonical":"https:\/\/preprod.pcisecuritystandards.org\/lang\/fr-fr\/resources\/","og_locale":"en_US","og_type":"article","og_title":"AUTRES RESSOURCES - PCI Language Minisites","og_description":"Autres Resources Des ressources suppl\u00e9mentaires sont disponibles\u00a0en anglais. \u00a0 V\u00e9rifier l\u2019employ\u00e9 du QSA V\u00e9rifier la soci\u00e9t\u00e9 QSA V\u00e9rifier les QSA des applications de paiement (PA-QSA) V\u00e9rifier le prestataire de services d\u2019analyse agr\u00e9\u00e9 (ASV) V\u00e9rifier le PCIP S\u00e9curit\u00e9 des transactions PIN agr\u00e9\u00e9e Applications de paiement valid\u00e9es Solutions P2PE conformes Applications P2PE conformes V\u00e9rifier un ISA Enqu\u00eateurs [&hellip;]","og_url":"https:\/\/preprod.pcisecuritystandards.org\/lang\/fr-fr\/resources\/","og_site_name":"PCI Language Minisites","article_modified_time":"2026-01-13T21:17:17+00:00","og_image":[{"url":"https:\/\/preprod.pcisecuritystandards.org\/lang\/wp-content\/uploads\/sites\/5\/2022\/10\/privacy.jpg","type":"","width":"","height":""}],"twitter_card":"summary_large_image","twitter_misc":{"Est. reading time":"1 minute"},"schema":{"@context":"https:\/\/schema.org","@graph":[{"@type":"WebPage","@id":"https:\/\/preprod.pcisecuritystandards.org\/lang\/fr-fr\/resources\/","url":"https:\/\/preprod.pcisecuritystandards.org\/lang\/fr-fr\/resources\/","name":"AUTRES RESSOURCES - PCI Language Minisites","isPartOf":{"@id":"https:\/\/preprod.pcisecuritystandards.org\/lang\/#website"},"primaryImageOfPage":{"@id":"https:\/\/preprod.pcisecuritystandards.org\/lang\/fr-fr\/resources\/#primaryimage"},"image":{"@id":"https:\/\/preprod.pcisecuritystandards.org\/lang\/fr-fr\/resources\/#primaryimage"},"thumbnailUrl":"https:\/\/preprod.pcisecuritystandards.org\/lang\/wp-content\/uploads\/sites\/5\/2022\/10\/privacy.jpg","datePublished":"2022-10-28T15:12:01+00:00","dateModified":"2026-01-13T21:17:17+00:00","breadcrumb":{"@id":"https:\/\/preprod.pcisecuritystandards.org\/lang\/fr-fr\/resources\/#breadcrumb"},"inLanguage":"en-US","potentialAction":[{"@type":"ReadAction","target":["https:\/\/preprod.pcisecuritystandards.org\/lang\/fr-fr\/resources\/"]}]},{"@type":"ImageObject","inLanguage":"en-US","@id":"https:\/\/preprod.pcisecuritystandards.org\/lang\/fr-fr\/resources\/#primaryimage","url":"https:\/\/preprod.pcisecuritystandards.org\/lang\/wp-content\/uploads\/sites\/5\/2022\/10\/privacy.jpg","contentUrl":"https:\/\/preprod.pcisecuritystandards.org\/lang\/wp-content\/uploads\/sites\/5\/2022\/10\/privacy.jpg","width":446,"height":248},{"@type":"BreadcrumbList","@id":"https:\/\/preprod.pcisecuritystandards.org\/lang\/fr-fr\/resources\/#breadcrumb","itemListElement":[{"@type":"ListItem","position":1,"name":"Home","item":"https:\/\/preprod.pcisecuritystandards.org\/lang\/"},{"@type":"ListItem","position":2,"name":"Site officiel du PCI Security Standards Council &#8211; V\u00e9rifier la conformit\u00e9 PCI, t\u00e9l\u00e9charger les standards de s\u00e9curit\u00e9 des donn\u00e9es et de s\u00e9curit\u00e9 des cartes de cr\u00e9dit","item":"https:\/\/preprod.pcisecuritystandards.org\/lang\/fr-fr\/"},{"@type":"ListItem","position":3,"name":"AUTRES RESSOURCES"}]},{"@type":"WebSite","@id":"https:\/\/preprod.pcisecuritystandards.org\/lang\/#website","url":"https:\/\/preprod.pcisecuritystandards.org\/lang\/","name":"PCI Language Minisites","description":"Just another pci-ssc-wp.go-vip.net Sites site","publisher":{"@id":"https:\/\/preprod.pcisecuritystandards.org\/lang\/#organization"},"potentialAction":[{"@type":"SearchAction","target":{"@type":"EntryPoint","urlTemplate":"https:\/\/preprod.pcisecuritystandards.org\/lang\/?s={search_term_string}"},"query-input":{"@type":"PropertyValueSpecification","valueRequired":true,"valueName":"search_term_string"}}],"inLanguage":"en-US"},{"@type":"Organization","@id":"https:\/\/preprod.pcisecuritystandards.org\/lang\/#organization","name":"PCI Language Minisites","url":"https:\/\/preprod.pcisecuritystandards.org\/lang\/","logo":{"@type":"ImageObject","inLanguage":"en-US","@id":"https:\/\/preprod.pcisecuritystandards.org\/lang\/#\/schema\/logo\/image\/","url":"https:\/\/preprod.pcisecuritystandards.org\/lang\/wp-content\/uploads\/sites\/5\/2022\/10\/pci-logo-teal.svg","contentUrl":"https:\/\/preprod.pcisecuritystandards.org\/lang\/wp-content\/uploads\/sites\/5\/2022\/10\/pci-logo-teal.svg","width":192,"height":58,"caption":"PCI Language Minisites"},"image":{"@id":"https:\/\/preprod.pcisecuritystandards.org\/lang\/#\/schema\/logo\/image\/"}}]}},"jetpack_sharing_enabled":true,"_links":{"self":[{"href":"https:\/\/preprod.pcisecuritystandards.org\/lang\/wp-json\/wp\/v2\/pages\/356","targetHints":{"allow":["GET"]}}],"collection":[{"href":"https:\/\/preprod.pcisecuritystandards.org\/lang\/wp-json\/wp\/v2\/pages"}],"about":[{"href":"https:\/\/preprod.pcisecuritystandards.org\/lang\/wp-json\/wp\/v2\/types\/page"}],"author":[{"embeddable":true,"href":"https:\/\/preprod.pcisecuritystandards.org\/lang\/wp-json\/wp\/v2\/users\/21"}],"replies":[{"embeddable":true,"href":"https:\/\/preprod.pcisecuritystandards.org\/lang\/wp-json\/wp\/v2\/comments?post=356"}],"version-history":[{"count":8,"href":"https:\/\/preprod.pcisecuritystandards.org\/lang\/wp-json\/wp\/v2\/pages\/356\/revisions"}],"predecessor-version":[{"id":51940,"href":"https:\/\/preprod.pcisecuritystandards.org\/lang\/wp-json\/wp\/v2\/pages\/356\/revisions\/51940"}],"up":[{"embeddable":true,"href":"https:\/\/preprod.pcisecuritystandards.org\/lang\/wp-json\/wp\/v2\/pages\/195"}],"wp:attachment":[{"href":"https:\/\/preprod.pcisecuritystandards.org\/lang\/wp-json\/wp\/v2\/media?parent=356"}],"wp:term":[{"taxonomy":"language_category","embeddable":true,"href":"https:\/\/preprod.pcisecuritystandards.org\/lang\/wp-json\/wp\/v2\/language_category?post=356"}],"curies":[{"name":"wp","href":"https:\/\/api.w.org\/{rel}","templated":true}]}}