{"id":329,"date":"2022-10-28T14:55:03","date_gmt":"2022-10-28T14:55:03","guid":{"rendered":"https:\/\/preprod.pcisecuritystandards.org\/lang\/?page_id=329"},"modified":"2026-01-13T21:17:47","modified_gmt":"2026-01-13T21:17:47","slug":"resources","status":"publish","type":"page","link":"https:\/\/preprod.pcisecuritystandards.org\/lang\/es-es\/resources\/","title":{"rendered":"Resources"},"content":{"rendered":"\t\t<div data-elementor-type=\"wp-page\" data-elementor-id=\"329\" class=\"elementor elementor-329\" data-elementor-post-type=\"page\">\n\t\t\t\t\t\t<section class=\"elementor-section elementor-top-section elementor-element elementor-element-50d1aacd elementor-section-content-middle elementor-reverse-mobile elementor-section-boxed elementor-section-height-default elementor-section-height-default\" data-id=\"50d1aacd\" data-element_type=\"section\" data-e-type=\"section\" data-settings=\"{&quot;background_background&quot;:&quot;classic&quot;}\">\n\t\t\t\t\t\t<div class=\"elementor-container elementor-column-gap-default\">\n\t\t\t\t\t<div class=\"elementor-column elementor-col-33 elementor-top-column elementor-element elementor-element-348ad53a\" data-id=\"348ad53a\" data-element_type=\"column\" data-e-type=\"column\">\n\t\t\t<div class=\"elementor-widget-wrap elementor-element-populated\">\n\t\t\t\t\t\t<div class=\"elementor-element elementor-element-2387057b elementor-widget elementor-widget-heading\" data-id=\"2387057b\" data-element_type=\"widget\" data-e-type=\"widget\" data-widget_type=\"heading.default\">\n\t\t\t\t<div class=\"elementor-widget-container\">\n\t\t\t\t\t<h2 class=\"elementor-heading-title elementor-size-default\">Recursos Adicionales <\/h2>\t\t\t\t<\/div>\n\t\t\t\t<\/div>\n\t\t\t\t\t<\/div>\n\t\t<\/div>\n\t\t\t\t<div class=\"elementor-column elementor-col-33 elementor-top-column elementor-element elementor-element-6393765c elementor-hidden-tablet elementor-hidden-mobile\" data-id=\"6393765c\" data-element_type=\"column\" data-e-type=\"column\">\n\t\t\t<div class=\"elementor-widget-wrap\">\n\t\t\t\t\t\t\t<\/div>\n\t\t<\/div>\n\t\t\t\t<div class=\"elementor-column elementor-col-33 elementor-top-column elementor-element elementor-element-604b9f7c\" data-id=\"604b9f7c\" data-element_type=\"column\" data-e-type=\"column\">\n\t\t\t<div class=\"elementor-widget-wrap elementor-element-populated\">\n\t\t\t\t\t\t<div class=\"elementor-element elementor-element-6d3e5265 elementor-widget elementor-widget-image\" data-id=\"6d3e5265\" data-element_type=\"widget\" data-e-type=\"widget\" data-widget_type=\"image.default\">\n\t\t\t\t<div class=\"elementor-widget-container\">\n\t\t\t\t\t\t\t\t\t\t\t\t\t\t\t<img fetchpriority=\"high\" decoding=\"async\" width=\"446\" height=\"248\" src=\"https:\/\/preprod.pcisecuritystandards.org\/lang\/wp-content\/uploads\/sites\/5\/2022\/10\/privacy.jpg\" class=\"attachment-full size-full wp-image-235\" alt=\"\" srcset=\"https:\/\/preprod.pcisecuritystandards.org\/lang\/wp-content\/uploads\/sites\/5\/2022\/10\/privacy.jpg 446w, https:\/\/preprod.pcisecuritystandards.org\/lang\/wp-content\/uploads\/sites\/5\/2022\/10\/privacy.jpg?resize=300,167 300w, https:\/\/preprod.pcisecuritystandards.org\/lang\/wp-content\/uploads\/sites\/5\/2022\/10\/privacy.jpg?resize=342,190 342w\" sizes=\"(max-width: 446px) 100vw, 446px\" \/>\t\t\t\t\t\t\t\t\t\t\t\t\t\t\t<\/div>\n\t\t\t\t<\/div>\n\t\t\t\t\t<\/div>\n\t\t<\/div>\n\t\t\t\t\t<\/div>\n\t\t<\/section>\n\t\t\t\t<section class=\"elementor-section elementor-top-section elementor-element elementor-element-10017c2f privacy-content elementor-section-boxed elementor-section-height-default elementor-section-height-default\" data-id=\"10017c2f\" data-element_type=\"section\" data-e-type=\"section\" id=\"link-one\" data-settings=\"{&quot;background_background&quot;:&quot;classic&quot;}\">\n\t\t\t\t\t\t<div class=\"elementor-container elementor-column-gap-default\">\n\t\t\t\t\t<div class=\"elementor-column elementor-col-100 elementor-top-column elementor-element elementor-element-73acfbfd\" data-id=\"73acfbfd\" data-element_type=\"column\" data-e-type=\"column\">\n\t\t\t<div class=\"elementor-widget-wrap elementor-element-populated\">\n\t\t\t\t\t\t<div class=\"elementor-element elementor-element-80dfd2a editor_custom_styles elementor-widget elementor-widget-text-editor\" data-id=\"80dfd2a\" data-element_type=\"widget\" data-e-type=\"widget\" data-widget_type=\"text-editor.default\">\n\t\t\t\t<div class=\"elementor-widget-container\">\n\t\t\t\t\t\t\t\t\t<p>Se pueden consultar recursos adicionales&nbsp;<a href=\"https:\/\/es.pcisecuritystandards.org\/minisite\/en\/\">en ingl\u00e9s<\/a>.<br><br><\/p>\n<ul>\n<li><a href=\"https:\/\/www.pcisecuritystandards.org\/\/assessors_and_solutions\/qualified_security_assessors\">Verificar QSA del empleado<\/a><\/li>\n<li><a href=\"https:\/\/www.pcisecuritystandards.org\/\/assessors_and_solutions\/qualified_security_assessors\">Verificar QSA de la compa\u00f1\u00eda<\/a><\/li>\n<li><a href=\"https:\/\/www.pcisecuritystandards.org\/\/assessors_and_solutions\/payment_application_assessors\">Verificar QSA de aplicaciones de pagos (PA-QSA)<\/a><\/li>\n<li><a href=\"https:\/\/www.pcisecuritystandards.org\/\/assessors_and_solutions\/approved_scanning_vendors\">Verificar proveedor aprobado de escaneo (ASV)<\/a><\/li>\n<li><a href=\"https:\/\/www.pcisecuritystandards.org\/\/assessors_and_solutions\/pci_professionals\">Verificar un PCIF<\/a><\/li>\n<li><a href=\"https:\/\/www.pcisecuritystandards.org\/\/assessors_and_solutions\/pin_transaction_devices\">Aprobado con seguridad de transacciones con PIN<\/a><\/li>\n<li><a href=\"https:\/\/www.pcisecuritystandards.org\/\/assessors_and_solutions\/payment_application_assessors\">Aplicaciones de pagos validadas<\/a><\/li>\n<li><a href=\"https:\/\/www.pcisecuritystandards.org\/\/assessors_and_solutions\/point_to_point_encryption_solutions\">Soluciones P2PE validadas<\/a><\/li>\n<li><a href=\"https:\/\/www.pcisecuritystandards.org\/\/assessors_and_solutions\/point_to_point_encryption_applications\">Aplicaciones P2PE validadas<\/a><\/li>\n<li><a href=\"https:\/\/www.pcisecuritystandards.org\/\/assessors_and_solutions\/internal_security_assessors\">Verificar un ISA<\/a><\/li>\n<li><a href=\"https:\/\/www.pcisecuritystandards.org\/\/assessors_and_solutions\/pci_forensic_investigators\">Investigadores forenses de PCI (PFI)<\/a><\/li>\n<li><a href=\"https:\/\/www.pcisecuritystandards.org\/\/assessors_and_solutions\/point_to_point_encryption_assessors\">Compa\u00f1\u00edas de cifrado de punto a punto de PCI<\/a><\/li>\n<li><a href=\"https:\/\/www.pcisecuritystandards.org\/\/assessors_and_solutions\/qualified_integrators_and_resellers\">Integradores y revendedores calificados<\/a><\/li>\n<\/ul>\t\t\t\t\t\t\t\t<\/div>\n\t\t\t\t<\/div>\n\t\t\t\t\t<\/div>\n\t\t<\/div>\n\t\t\t\t\t<\/div>\n\t\t<\/section>\n\t\t\t\t<\/div>\n\t\t","protected":false},"excerpt":{"rendered":"<p>Recursos Adicionales Se pueden consultar recursos adicionales&nbsp;en ingl\u00e9s. Verificar QSA del empleado Verificar QSA de la compa\u00f1\u00eda Verificar QSA de aplicaciones de pagos (PA-QSA) Verificar proveedor aprobado de escaneo (ASV) Verificar un PCIF Aprobado con seguridad de transacciones con PIN Aplicaciones de pagos validadas Soluciones P2PE validadas Aplicaciones P2PE validadas Verificar un ISA Investigadores forenses [&hellip;]<\/p>\n","protected":false},"author":21,"featured_media":0,"parent":199,"menu_order":0,"comment_status":"closed","ping_status":"closed","template":"","meta":{"_acf_changed":false,"footnotes":""},"language_category":[],"class_list":["post-329","page","type-page","status-publish","hentry"],"acf":[],"yoast_head":"<!-- This site is optimized with the Yoast SEO plugin v27.1.1 - https:\/\/yoast.com\/product\/yoast-seo-wordpress\/ -->\n<title>Resources - PCI Language Minisites<\/title>\n<meta name=\"robots\" content=\"index, follow, max-snippet:-1, max-image-preview:large, max-video-preview:-1\" \/>\n<link rel=\"canonical\" href=\"https:\/\/preprod.pcisecuritystandards.org\/lang\/es-es\/resources\/\" \/>\n<meta property=\"og:locale\" content=\"en_US\" \/>\n<meta property=\"og:type\" content=\"article\" \/>\n<meta property=\"og:title\" content=\"Resources - PCI Language Minisites\" \/>\n<meta property=\"og:description\" content=\"Recursos Adicionales Se pueden consultar recursos adicionales&nbsp;en ingl\u00e9s. Verificar QSA del empleado Verificar QSA de la compa\u00f1\u00eda Verificar QSA de aplicaciones de pagos (PA-QSA) Verificar proveedor aprobado de escaneo (ASV) Verificar un PCIF Aprobado con seguridad de transacciones con PIN Aplicaciones de pagos validadas Soluciones P2PE validadas Aplicaciones P2PE validadas Verificar un ISA Investigadores forenses [&hellip;]\" \/>\n<meta property=\"og:url\" content=\"https:\/\/preprod.pcisecuritystandards.org\/lang\/es-es\/resources\/\" \/>\n<meta property=\"og:site_name\" content=\"PCI Language Minisites\" \/>\n<meta property=\"article:modified_time\" content=\"2026-01-13T21:17:47+00:00\" \/>\n<meta property=\"og:image\" content=\"https:\/\/preprod.pcisecuritystandards.org\/lang\/wp-content\/uploads\/sites\/5\/2022\/10\/privacy.jpg\" \/>\n<meta name=\"twitter:card\" content=\"summary_large_image\" \/>\n<script type=\"application\/ld+json\" class=\"yoast-schema-graph\">{\"@context\":\"https:\/\/schema.org\",\"@graph\":[{\"@type\":\"WebPage\",\"@id\":\"https:\/\/preprod.pcisecuritystandards.org\/lang\/es-es\/resources\/\",\"url\":\"https:\/\/preprod.pcisecuritystandards.org\/lang\/es-es\/resources\/\",\"name\":\"Resources - PCI Language Minisites\",\"isPartOf\":{\"@id\":\"https:\/\/preprod.pcisecuritystandards.org\/lang\/#website\"},\"primaryImageOfPage\":{\"@id\":\"https:\/\/preprod.pcisecuritystandards.org\/lang\/es-es\/resources\/#primaryimage\"},\"image\":{\"@id\":\"https:\/\/preprod.pcisecuritystandards.org\/lang\/es-es\/resources\/#primaryimage\"},\"thumbnailUrl\":\"https:\/\/preprod.pcisecuritystandards.org\/lang\/wp-content\/uploads\/sites\/5\/2022\/10\/privacy.jpg\",\"datePublished\":\"2022-10-28T14:55:03+00:00\",\"dateModified\":\"2026-01-13T21:17:47+00:00\",\"breadcrumb\":{\"@id\":\"https:\/\/preprod.pcisecuritystandards.org\/lang\/es-es\/resources\/#breadcrumb\"},\"inLanguage\":\"en-US\",\"potentialAction\":[{\"@type\":\"ReadAction\",\"target\":[\"https:\/\/preprod.pcisecuritystandards.org\/lang\/es-es\/resources\/\"]}]},{\"@type\":\"ImageObject\",\"inLanguage\":\"en-US\",\"@id\":\"https:\/\/preprod.pcisecuritystandards.org\/lang\/es-es\/resources\/#primaryimage\",\"url\":\"https:\/\/preprod.pcisecuritystandards.org\/lang\/wp-content\/uploads\/sites\/5\/2022\/10\/privacy.jpg\",\"contentUrl\":\"https:\/\/preprod.pcisecuritystandards.org\/lang\/wp-content\/uploads\/sites\/5\/2022\/10\/privacy.jpg\",\"width\":446,\"height\":248},{\"@type\":\"BreadcrumbList\",\"@id\":\"https:\/\/preprod.pcisecuritystandards.org\/lang\/es-es\/resources\/#breadcrumb\",\"itemListElement\":[{\"@type\":\"ListItem\",\"position\":1,\"name\":\"Home\",\"item\":\"https:\/\/preprod.pcisecuritystandards.org\/lang\/\"},{\"@type\":\"ListItem\",\"position\":2,\"name\":\"Sitio oficial del PCI Security Standards Council &#8211; Verifique el cumplimiento con el PCI, descargue la seguridad de datos y los est\u00e1ndares de seguridad de tarjetas de cr\u00e9dito\",\"item\":\"https:\/\/preprod.pcisecuritystandards.org\/lang\/es-es\/\"},{\"@type\":\"ListItem\",\"position\":3,\"name\":\"Resources\"}]},{\"@type\":\"WebSite\",\"@id\":\"https:\/\/preprod.pcisecuritystandards.org\/lang\/#website\",\"url\":\"https:\/\/preprod.pcisecuritystandards.org\/lang\/\",\"name\":\"PCI Language Minisites\",\"description\":\"Just another pci-ssc-wp.go-vip.net Sites site\",\"publisher\":{\"@id\":\"https:\/\/preprod.pcisecuritystandards.org\/lang\/#organization\"},\"potentialAction\":[{\"@type\":\"SearchAction\",\"target\":{\"@type\":\"EntryPoint\",\"urlTemplate\":\"https:\/\/preprod.pcisecuritystandards.org\/lang\/?s={search_term_string}\"},\"query-input\":{\"@type\":\"PropertyValueSpecification\",\"valueRequired\":true,\"valueName\":\"search_term_string\"}}],\"inLanguage\":\"en-US\"},{\"@type\":\"Organization\",\"@id\":\"https:\/\/preprod.pcisecuritystandards.org\/lang\/#organization\",\"name\":\"PCI Language Minisites\",\"url\":\"https:\/\/preprod.pcisecuritystandards.org\/lang\/\",\"logo\":{\"@type\":\"ImageObject\",\"inLanguage\":\"en-US\",\"@id\":\"https:\/\/preprod.pcisecuritystandards.org\/lang\/#\/schema\/logo\/image\/\",\"url\":\"https:\/\/preprod.pcisecuritystandards.org\/lang\/wp-content\/uploads\/sites\/5\/2022\/10\/pci-logo-teal.svg\",\"contentUrl\":\"https:\/\/preprod.pcisecuritystandards.org\/lang\/wp-content\/uploads\/sites\/5\/2022\/10\/pci-logo-teal.svg\",\"width\":192,\"height\":58,\"caption\":\"PCI Language Minisites\"},\"image\":{\"@id\":\"https:\/\/preprod.pcisecuritystandards.org\/lang\/#\/schema\/logo\/image\/\"}}]}<\/script>\n<!-- \/ Yoast SEO plugin. -->","yoast_head_json":{"title":"Resources - PCI Language Minisites","robots":{"index":"index","follow":"follow","max-snippet":"max-snippet:-1","max-image-preview":"max-image-preview:large","max-video-preview":"max-video-preview:-1"},"canonical":"https:\/\/preprod.pcisecuritystandards.org\/lang\/es-es\/resources\/","og_locale":"en_US","og_type":"article","og_title":"Resources - PCI Language Minisites","og_description":"Recursos Adicionales Se pueden consultar recursos adicionales&nbsp;en ingl\u00e9s. Verificar QSA del empleado Verificar QSA de la compa\u00f1\u00eda Verificar QSA de aplicaciones de pagos (PA-QSA) Verificar proveedor aprobado de escaneo (ASV) Verificar un PCIF Aprobado con seguridad de transacciones con PIN Aplicaciones de pagos validadas Soluciones P2PE validadas Aplicaciones P2PE validadas Verificar un ISA Investigadores forenses [&hellip;]","og_url":"https:\/\/preprod.pcisecuritystandards.org\/lang\/es-es\/resources\/","og_site_name":"PCI Language Minisites","article_modified_time":"2026-01-13T21:17:47+00:00","og_image":[{"url":"https:\/\/preprod.pcisecuritystandards.org\/lang\/wp-content\/uploads\/sites\/5\/2022\/10\/privacy.jpg","type":"","width":"","height":""}],"twitter_card":"summary_large_image","schema":{"@context":"https:\/\/schema.org","@graph":[{"@type":"WebPage","@id":"https:\/\/preprod.pcisecuritystandards.org\/lang\/es-es\/resources\/","url":"https:\/\/preprod.pcisecuritystandards.org\/lang\/es-es\/resources\/","name":"Resources - PCI Language Minisites","isPartOf":{"@id":"https:\/\/preprod.pcisecuritystandards.org\/lang\/#website"},"primaryImageOfPage":{"@id":"https:\/\/preprod.pcisecuritystandards.org\/lang\/es-es\/resources\/#primaryimage"},"image":{"@id":"https:\/\/preprod.pcisecuritystandards.org\/lang\/es-es\/resources\/#primaryimage"},"thumbnailUrl":"https:\/\/preprod.pcisecuritystandards.org\/lang\/wp-content\/uploads\/sites\/5\/2022\/10\/privacy.jpg","datePublished":"2022-10-28T14:55:03+00:00","dateModified":"2026-01-13T21:17:47+00:00","breadcrumb":{"@id":"https:\/\/preprod.pcisecuritystandards.org\/lang\/es-es\/resources\/#breadcrumb"},"inLanguage":"en-US","potentialAction":[{"@type":"ReadAction","target":["https:\/\/preprod.pcisecuritystandards.org\/lang\/es-es\/resources\/"]}]},{"@type":"ImageObject","inLanguage":"en-US","@id":"https:\/\/preprod.pcisecuritystandards.org\/lang\/es-es\/resources\/#primaryimage","url":"https:\/\/preprod.pcisecuritystandards.org\/lang\/wp-content\/uploads\/sites\/5\/2022\/10\/privacy.jpg","contentUrl":"https:\/\/preprod.pcisecuritystandards.org\/lang\/wp-content\/uploads\/sites\/5\/2022\/10\/privacy.jpg","width":446,"height":248},{"@type":"BreadcrumbList","@id":"https:\/\/preprod.pcisecuritystandards.org\/lang\/es-es\/resources\/#breadcrumb","itemListElement":[{"@type":"ListItem","position":1,"name":"Home","item":"https:\/\/preprod.pcisecuritystandards.org\/lang\/"},{"@type":"ListItem","position":2,"name":"Sitio oficial del PCI Security Standards Council &#8211; Verifique el cumplimiento con el PCI, descargue la seguridad de datos y los est\u00e1ndares de seguridad de tarjetas de cr\u00e9dito","item":"https:\/\/preprod.pcisecuritystandards.org\/lang\/es-es\/"},{"@type":"ListItem","position":3,"name":"Resources"}]},{"@type":"WebSite","@id":"https:\/\/preprod.pcisecuritystandards.org\/lang\/#website","url":"https:\/\/preprod.pcisecuritystandards.org\/lang\/","name":"PCI Language Minisites","description":"Just another pci-ssc-wp.go-vip.net Sites site","publisher":{"@id":"https:\/\/preprod.pcisecuritystandards.org\/lang\/#organization"},"potentialAction":[{"@type":"SearchAction","target":{"@type":"EntryPoint","urlTemplate":"https:\/\/preprod.pcisecuritystandards.org\/lang\/?s={search_term_string}"},"query-input":{"@type":"PropertyValueSpecification","valueRequired":true,"valueName":"search_term_string"}}],"inLanguage":"en-US"},{"@type":"Organization","@id":"https:\/\/preprod.pcisecuritystandards.org\/lang\/#organization","name":"PCI Language Minisites","url":"https:\/\/preprod.pcisecuritystandards.org\/lang\/","logo":{"@type":"ImageObject","inLanguage":"en-US","@id":"https:\/\/preprod.pcisecuritystandards.org\/lang\/#\/schema\/logo\/image\/","url":"https:\/\/preprod.pcisecuritystandards.org\/lang\/wp-content\/uploads\/sites\/5\/2022\/10\/pci-logo-teal.svg","contentUrl":"https:\/\/preprod.pcisecuritystandards.org\/lang\/wp-content\/uploads\/sites\/5\/2022\/10\/pci-logo-teal.svg","width":192,"height":58,"caption":"PCI Language Minisites"},"image":{"@id":"https:\/\/preprod.pcisecuritystandards.org\/lang\/#\/schema\/logo\/image\/"}}]}},"jetpack_sharing_enabled":true,"_links":{"self":[{"href":"https:\/\/preprod.pcisecuritystandards.org\/lang\/wp-json\/wp\/v2\/pages\/329","targetHints":{"allow":["GET"]}}],"collection":[{"href":"https:\/\/preprod.pcisecuritystandards.org\/lang\/wp-json\/wp\/v2\/pages"}],"about":[{"href":"https:\/\/preprod.pcisecuritystandards.org\/lang\/wp-json\/wp\/v2\/types\/page"}],"author":[{"embeddable":true,"href":"https:\/\/preprod.pcisecuritystandards.org\/lang\/wp-json\/wp\/v2\/users\/21"}],"replies":[{"embeddable":true,"href":"https:\/\/preprod.pcisecuritystandards.org\/lang\/wp-json\/wp\/v2\/comments?post=329"}],"version-history":[{"count":7,"href":"https:\/\/preprod.pcisecuritystandards.org\/lang\/wp-json\/wp\/v2\/pages\/329\/revisions"}],"predecessor-version":[{"id":51970,"href":"https:\/\/preprod.pcisecuritystandards.org\/lang\/wp-json\/wp\/v2\/pages\/329\/revisions\/51970"}],"up":[{"embeddable":true,"href":"https:\/\/preprod.pcisecuritystandards.org\/lang\/wp-json\/wp\/v2\/pages\/199"}],"wp:attachment":[{"href":"https:\/\/preprod.pcisecuritystandards.org\/lang\/wp-json\/wp\/v2\/media?parent=329"}],"wp:term":[{"taxonomy":"language_category","embeddable":true,"href":"https:\/\/preprod.pcisecuritystandards.org\/lang\/wp-json\/wp\/v2\/language_category?post=329"}],"curies":[{"name":"wp","href":"https:\/\/api.w.org\/{rel}","templated":true}]}}